{"id":7,"date":"2017-04-22T14:57:04","date_gmt":"2017-04-22T11:57:04","guid":{"rendered":"https:\/\/www.cekirdekinanc.com\/magaza\/index.php\/my-account\/"},"modified":"2017-04-22T15:13:34","modified_gmt":"2017-04-22T12:13:34","slug":"hesabim","status":"publish","type":"page","link":"https:\/\/www.cekirdekinanc.com\/magaza\/hesabim\/","title":{"rendered":"Hesab\u0131m"},"content":{"rendered":"<div class=\"woocommerce\"><\/div>\n","protected":false},"excerpt":{"rendered":"","protected":false},"author":1,"featured_media":0,"parent":0,"menu_order":0,"comment_status":"closed","ping_status":"closed","template":"","meta":{"footnotes":""},"yoast_head":"<!-- This site is optimized with the Yoast SEO plugin v21.5 - https:\/\/yoast.com\/wordpress\/plugins\/seo\/ -->\n<title>Hesab\u0131m - \u00c7ekirdek \u0130nan\u00e7 Ma\u011faza<\/title>\n<meta name=\"robots\" content=\"index, follow, max-snippet:-1, max-image-preview:large, max-video-preview:-1\" \/>\n<link rel=\"canonical\" href=\"https:\/\/www.cekirdekinanc.com\/magaza\/hesabim\/\" \/>\n<meta property=\"og:locale\" content=\"tr_TR\" \/>\n<meta property=\"og:type\" content=\"article\" \/>\n<meta property=\"og:title\" content=\"Hesab\u0131m - \u00c7ekirdek \u0130nan\u00e7 Ma\u011faza\" \/>\n<meta property=\"og:url\" content=\"https:\/\/www.cekirdekinanc.com\/magaza\/hesabim\/\" \/>\n<meta property=\"og:site_name\" content=\"\u00c7ekirdek \u0130nan\u00e7 Ma\u011faza\" \/>\n<meta property=\"article:modified_time\" content=\"2017-04-22T12:13:34+00:00\" \/>\n<meta name=\"twitter:card\" content=\"summary_large_image\" \/>\n<script type=\"application\/ld+json\" class=\"yoast-schema-graph\">{\"@context\":\"https:\/\/schema.org\",\"@graph\":[{\"@type\":\"WebPage\",\"@id\":\"https:\/\/www.cekirdekinanc.com\/magaza\/hesabim\/\",\"url\":\"https:\/\/www.cekirdekinanc.com\/magaza\/hesabim\/\",\"name\":\"Hesab\u0131m - \u00c7ekirdek \u0130nan\u00e7 Ma\u011faza\",\"isPartOf\":{\"@id\":\"https:\/\/www.cekirdekinanc.com\/magaza\/#website\"},\"datePublished\":\"2017-04-22T11:57:04+00:00\",\"dateModified\":\"2017-04-22T12:13:34+00:00\",\"breadcrumb\":{\"@id\":\"https:\/\/www.cekirdekinanc.com\/magaza\/hesabim\/#breadcrumb\"},\"inLanguage\":\"tr\",\"potentialAction\":[{\"@type\":\"ReadAction\",\"target\":[\"https:\/\/www.cekirdekinanc.com\/magaza\/hesabim\/\"]}]},{\"@type\":\"BreadcrumbList\",\"@id\":\"https:\/\/www.cekirdekinanc.com\/magaza\/hesabim\/#breadcrumb\",\"itemListElement\":[{\"@type\":\"ListItem\",\"position\":1,\"name\":\"Ana sayfa\",\"item\":\"https:\/\/www.cekirdekinanc.com\/magaza\/\"},{\"@type\":\"ListItem\",\"position\":2,\"name\":\"Hesab\u0131m\"}]},{\"@type\":\"WebSite\",\"@id\":\"https:\/\/www.cekirdekinanc.com\/magaza\/#website\",\"url\":\"https:\/\/www.cekirdekinanc.com\/magaza\/\",\"name\":\"\u00c7ekirdek \u0130nan\u00e7 Ma\u011faza\",\"description\":\"Hem analiz hem d\u00f6n\u00fc\u015f\u00fcm\",\"potentialAction\":[{\"@type\":\"SearchAction\",\"target\":{\"@type\":\"EntryPoint\",\"urlTemplate\":\"https:\/\/www.cekirdekinanc.com\/magaza\/?s={search_term_string}\"},\"query-input\":\"required name=search_term_string\"}],\"inLanguage\":\"tr\"}]}<\/script>\n<!-- \/ Yoast SEO plugin. -->","yoast_head_json":{"title":"Hesab\u0131m - \u00c7ekirdek \u0130nan\u00e7 Ma\u011faza","robots":{"index":"index","follow":"follow","max-snippet":"max-snippet:-1","max-image-preview":"max-image-preview:large","max-video-preview":"max-video-preview:-1"},"canonical":"https:\/\/www.cekirdekinanc.com\/magaza\/hesabim\/","og_locale":"tr_TR","og_type":"article","og_title":"Hesab\u0131m - \u00c7ekirdek \u0130nan\u00e7 Ma\u011faza","og_url":"https:\/\/www.cekirdekinanc.com\/magaza\/hesabim\/","og_site_name":"\u00c7ekirdek \u0130nan\u00e7 Ma\u011faza","article_modified_time":"2017-04-22T12:13:34+00:00","twitter_card":"summary_large_image","schema":{"@context":"https:\/\/schema.org","@graph":[{"@type":"WebPage","@id":"https:\/\/www.cekirdekinanc.com\/magaza\/hesabim\/","url":"https:\/\/www.cekirdekinanc.com\/magaza\/hesabim\/","name":"Hesab\u0131m - \u00c7ekirdek \u0130nan\u00e7 Ma\u011faza","isPartOf":{"@id":"https:\/\/www.cekirdekinanc.com\/magaza\/#website"},"datePublished":"2017-04-22T11:57:04+00:00","dateModified":"2017-04-22T12:13:34+00:00","breadcrumb":{"@id":"https:\/\/www.cekirdekinanc.com\/magaza\/hesabim\/#breadcrumb"},"inLanguage":"tr","potentialAction":[{"@type":"ReadAction","target":["https:\/\/www.cekirdekinanc.com\/magaza\/hesabim\/"]}]},{"@type":"BreadcrumbList","@id":"https:\/\/www.cekirdekinanc.com\/magaza\/hesabim\/#breadcrumb","itemListElement":[{"@type":"ListItem","position":1,"name":"Ana sayfa","item":"https:\/\/www.cekirdekinanc.com\/magaza\/"},{"@type":"ListItem","position":2,"name":"Hesab\u0131m"}]},{"@type":"WebSite","@id":"https:\/\/www.cekirdekinanc.com\/magaza\/#website","url":"https:\/\/www.cekirdekinanc.com\/magaza\/","name":"\u00c7ekirdek \u0130nan\u00e7 Ma\u011faza","description":"Hem analiz hem d\u00f6n\u00fc\u015f\u00fcm","potentialAction":[{"@type":"SearchAction","target":{"@type":"EntryPoint","urlTemplate":"https:\/\/www.cekirdekinanc.com\/magaza\/?s={search_term_string}"},"query-input":"required name=search_term_string"}],"inLanguage":"tr"}]}},"_links":{"self":[{"href":"https:\/\/www.cekirdekinanc.com\/magaza\/wp-json\/wp\/v2\/pages\/7"}],"collection":[{"href":"https:\/\/www.cekirdekinanc.com\/magaza\/wp-json\/wp\/v2\/pages"}],"about":[{"href":"https:\/\/www.cekirdekinanc.com\/magaza\/wp-json\/wp\/v2\/types\/page"}],"author":[{"embeddable":true,"href":"https:\/\/www.cekirdekinanc.com\/magaza\/wp-json\/wp\/v2\/users\/1"}],"replies":[{"embeddable":true,"href":"https:\/\/www.cekirdekinanc.com\/magaza\/wp-json\/wp\/v2\/comments?post=7"}],"version-history":[{"count":0,"href":"https:\/\/www.cekirdekinanc.com\/magaza\/wp-json\/wp\/v2\/pages\/7\/revisions"}],"wp:attachment":[{"href":"https:\/\/www.cekirdekinanc.com\/magaza\/wp-json\/wp\/v2\/media?parent=7"}],"curies":[{"name":"wp","href":"https:\/\/api.w.org\/{rel}","templated":true}]}}